66*l + 6182. Give a(-111).
77
Let x(a) = -a**3 + 60*a**2 + 275*a - 22676. What is x(58)?
2
Let i(v) = -v**2 - 2679*v - 16047. What is i(-6)?
-9
Let p(i) = 229*i - 13395. What is p(58)?
-113
Let d(l) = -l**3 - 37*l**2 - 48*l - 1085. Give d(-38).
2183
Let a(m) = 928*m + 3736. Determine a(-4).
24
Let v(k) = -3662*k - 14129. Calculate v(-4).
519
Let j(t) = 32009*t - 736197. Give j(23).
10
Let t(d) = d**3 - 35*d**2 + 8*d + 1076. Calculate t(34).
192
Let u(i) = 1249*i - 1407640. Give u(1127).
-17
Let d(u) = -u**3 + 1593*u**2 + 147952*u + 2116. Determine d(-88).
4
Let l(c) = -231668*c - 7413378. Calculate l(-32).
-2
Let o(n) = n**2 - 1146*n - 21631. What is o(-19)?
504
Let c(o) = -280*o + 66602. What is c(238)?
-38
Let f(w) = -2*w**3 + 15*w**2 + 174*w - 403. Calculate f(13).
0
Let a(w) = 5*w**2 + 136*w + 2860. What is a(-28)?
2972
Let y(l) = -194215*l - 776867. Determine y(-4).
-7
Let w(o) = -2*o**3 - 54*o**2 + 71*o - 1304. Give w(-29).
1
Let q(o) = -48918*o - 391329. Give q(-8).
15
Let o(b) = -b**3 + 625*b**2 + 22328*b - 2674. Determine o(-34).
-22
Let x(m) = 53576*m + 482104. Calculate x(-9).
-80
Let k(z) = z**2 + 14750*z - 59023. Calculate k(4).
-7
Let w(o) = -3069*o + 107030. What is w(35)?
-385
Let v(x) = -29*x**2 + 221*x + 240. What is v(17)?
-4384
Let y(h) = 5592375*h - 111847494. Calculate y(20).
6
Let g(b) = -1524*b - 420617. Calculate g(-276).
7
Let h(r) = 1182*r - 13607. What is h(11)?
-605
Let g(x) = -6*x**2 - 1341*x - 31301. Give g(-197).
22
Let k(v) = 273*v - 17794. Calculate k(65).
-49
Let w(f) = -f**2 + 1124*f + 1616254. Calculate w(-828).
-2
Let i(m) = 6*m**3 - 5*m**2 - 4*m - 90. Determine i(-3).
-285
Let r(o) = 744*o - 16399. What is r(22)?
-31
Let t(s) = -278*s - 6110. Calculate t(-22).
6
Let z(u) = 19559*u + 528115. Determine z(-27).
22
Let z(i) = -19094*i - 362827. Give z(-19).
-41
Let b(y) = 7*y**2 + 306*y - 2806. Determine b(8).
90
Let k(a) = 40*a + 2241. Calculate k(-36).
801
Let f(j) = 15*j**2 - 4112*j + 540. Calculate f(274).
-8
Let d(k) = 23*k**2 - 4283*k - 4292. Calculate d(-1).
14
Let p(k) = -1438*k - 13009. Calculate p(-9).
-67
Let j(m) = -555*m**3 + m**2 + 57*m + 55. Calculate j(-1).
554
Let b(c) = c**3 + 12*c**2 - 556*c - 487. Determine b(-30).
-7
Let t(n) = -25122*n + 200975. Determine t(8).
-1
Let l(h) = -19*h**2 - 1530*h - 41. Give l(-82).
-2337
Let r(q) = -17*q**3 + 5969*q**2 + 5288*q - 2839. Give r(352).
-23
Let a(r) = -7*r**2 - 27*r - 72. Give a(-20).
-2332
Let n(s) = s**3 - 75*s**2 - 519*s + 271. Calculate n(-7).
-114
Let l(o) = 672*o - 78637. What is l(114)?
-2029
Let l(j) = -188*j**2 - 2373*j - 44. Calculate l(-13).
-967
Let t(k) = -k**3 - 103*k**2 - 24*k - 101. Determine t(-6).
-3449
Let g(f) = 391*f + 187291. What is g(-479)?
2
Let r(g) = 1053*g + 10329. Give r(-10).
-201
Let m(j) = -5*j**2 - 30164*j - 60325. Calculate m(-2).
-17
Let f(h) = -2451*h + 56142. Determine f(23).
-231
Let r(x) = -10*x**2 - 128*x + 1456. Determine r(6).
328
Let t(n) = n**2 + 222*n - 5554. Give t(23).
81
Let b(d) = 456998*d - 6397972. Determine b(14).
0
Let z(v) = 18838*v - 1092610. What is z(58)?
-6
Let o(d) = 5056*d + 662327. Give o(-131).
-9
Let d(h) = h**3 - 331*h**2 - 6438*h + 54510. Determine d(349).
66
Let i(y) = -207742*y + 1246454. What is i(6)?
2
Let r(g) = -112*g - 10892. Calculate r(-94).
-364
Let d(b) = 5*b**2 + 1537*b + 7519. Give d(-5).
-41
Let y(u) = -1695*u - 20002. Give y(-11).
-1357
Let i(g) = -23*g**2 + 372*g - 1558. What is i(8)?
-54
Let z(t) = 26*t**3 + t**2 - 1303*t + 1301. Calculate z(1).
25
Let y(z) = -6676*z + 44980. Give y(7).
-1752
Let d(p) = -6568*p - 39445. Give d(-6).
-37
Let s(t) = t**3 + 93*t**2 - 1101*t - 94816. Give s(-94).
-158
Let p(i) = -5174*i - 263771. What is p(-51)?
103
Let d(c) = -35*c**2 + 26*c - 2. Determine d(2).
-90
Let z(c) = -c**2 - 60417*c - 1509807. What is z(-25)?
-7
Let w(v) = -v**2 + 6716*v - 107202. What is w(16)?
-2
Let o(r) = -874*r + 207145. Calculate o(237).
7
Let f(l) = -3321*l - 59775. Calculate f(-18).
3
Let y(b) = 4346*b + 3107393. Determine y(-715).
3
Let l(s) = -s**2 + 1109524*s + 2219052. What is l(-2)?
0
Let y(q) = 372*q**2 - 2227*q - 35. Determine y(6).
-5
Let o(a) = 50*a**2 + 2103*a + 3067. What is o(-40)?
-1053
Let f(v) = 7311*v - 7287. What is f(1)?
24
Let p(y) = -1210*y - 38733. Determine p(-32).
-13
Let x(v) = -83*v - 5759. Determine x(-74).
383
Let j(h) = 4*h**3 + 1012*h**2 + 3001*h - 7. Give j(-3).
-10
Let v(g) = -16*g**3 + 1136*g**2 - 3*g + 212. Give v(71).
-1
Let b(s) = -515*s**2 - 194*s - 367. Determine b(-2).
-2039
Let h(j) = 4629*j - 4641. What is h(1)?
-12
Let i(h) = -571*h - 70887. Give i(-124).
-83
Let f(n) = -8830*n + 4785809. Calculate f(542).
-51
Let z(y) = -y**3 + 44*y**2 - 141*y + 1545. What is z(43)?
-2669
Let x(c) = -2*c**2 + 9114*c + 544702. What is x(-59)?
14
Let s(k) = -79*k**2 - 199*k + 384. What is s(-4)?
-84
Let d(c) = 2*c**3 - 66*c**2 - 86*c + 17. What is d(34)?
-595
Let u(w) = 972*w - 14618. Give u(15).
-38
Let t(k) = -8*k**3 + 9*k**2 + 114*k - 590. Give t(5).
-795
Let a(o) = -3*o**2 + 531*o - 23155. Calculate a(99).
11
Let b(q) = -q**2 + 1193*q + 264335. Calculate b(-191).
-9
Let j(v) = -33*v**2 + 454*v + 28. Give j(13).
353
Let x(j) = 64227*j - 449585. Give x(7).
4
Let p(u) = 5*u**3 - 78*u**2 - 256*u + 12. Calculate p(-3).
-57
Let m(z) = -2*z**2 - 267*z + 1006. Calculate m(-137).
47
Let s(w) = 6*w**2 + 1083*w + 26712. Determine s(-151).
-15
Let w(a) = 1473577*a + 16209348. Determine w(-11).
1
Let q(a) = -1529*a + 258380. Calculate q(169).
-21
Let d(q) = 880*q - 11243. Give d(13).
197
Let r(f) = 2*f**3 - 103*f**2 + 366*f - 19. Determine r(4).
-75
Let r(n) = 1075732*n - 15060234. What is r(14)?
14
Let d(n) = -280036*n - 1120139. Give d(-4).
5
Let j(s) = -7*s**3 + 37*s**2 + 72*s - 366. Determine j(5).
44
Let u(c) = 99*c**3 - 8*c**2 + 75*c + 256. Calculate u(-3).
-2714
Let s(h) = 25*h**2 - 1785*h - 2930. Calculate s(73).
-10
Let r(i) = -34*i**3 - 7*i**2 + 10*i. What is r(3)?
-951
Let w(m) = -3*m**3 - 636*m**2 + 630*m - 1913. Calculate w(-213).
4
Let z(h) = -40*h**2 - 5365*h - 490. Calculate z(-134).
180
Let s(o) = -4194*o + 17012. What is s(4)?
236
Let b(d) = -5994*d - 113863. Determine b(-19).
23
Let l(x) = 4*x**2 + 1698*x + 5078. What is l(-3)?
20
Let o(n) = -n**3 - 26*n**2 - 114*n + 585. Calculate o(-13).
-130
Let s(y) = 1358*y + 28357. Give s(-21).
-161
Let d(x) = -62*x + 501. Give d(4).
253
Let x(n) = 2*n**3 + 131*n**2 - 81*n - 984. What is x(-66)?
6
Let t(g) = -2*g**2 + 567*g - 24434. Determine t(53).
-1
Let b(v) = 26*v**2 + 1889*v + 3045. Determine b(-71).
-8
Let f(v) = 140*v + 2139. What is f(-18)?
-381
Let a(x) = -2457*x - 44181. What is a(-18)?
45
Let z(f) = f**3 + 25*f**2 - 81*f + 107. What is z(-28)?
23
Let l(v) = 113*v**2 - 1255*v - 1255. Determine l(-1).
113
Let f(n) = -10616*n - 159245. Give f(-15).
-5
Let n(f) = -f**3 - 16*f**2 + 180*f - 123. Calculate n(7).
10
Let y(u) = -6894*u + 12240. What is y(2)?
-1548
Let r(c) = 2*c**3 - 1616*c - 3224. What is r(-2)?
-8
Let i(t) = -t**3 - 21*t**2 - 473*t - 5743. What is i(-15)?
2
Let t(h) = 276*h**2 - 296*h + 300. Calculate t(1).
280
Let k(d) = 125*d + 30837. Calculate k(-203).
5462
Let j(s) = 78*s + 342. Determine j(0).
342
Let q(b) = 91*b**3 - 1091*b**2 - 8*b - 14. Calculate q(12).
34
Let x(i) = 3*i**3 + 142*i**2 + 630*i + 8366. Give x(-44).
6
Let w(h) = -2*h**3 - 11*h**2 + 686*h + 2755. Give w(-4).
-37
Let y(h) = -4*h**3 + 15*h**2 + 10. Calculate y(4).
-6
Let i(j) = -2*j**3 + 14*j**2 - 340*j + 2441. Give i(10).
-1559
Let x(r) = 36*r**2 + 1209*r + 171. Determine x(-34).
681
Let s(k) = -k**2 + 221*k + 80846. Give s(-194).
336
Let h(g) = -g**3 - 22*g**2 - 75*g + 179. Give h(-25).
3929
Let l(o) = o**2 + 43*o + 786. Give l(-43).
786
Let u(f) = 146*f**2 - 4967*f + 88. Determine u(34).
-14
Let l(s) = -876586*s - 18408310. Determine l(-21).
-4
Let k(s) = -2*s**3 - 359*s**2 - 737*s - 100025. Calculate k(-179).
-143
Let s(m) = -2*m**2 + 834*m + 23083. Calculate s(-26).
47
Let k(t) = 1163*t - 3646. Determine k(3).
-157
Let m(u) = 76*u**2 + 254*u - 200. What is m(-4)?
0
Let p(i) = -i**3 + 2246*i**2 - 841224*i - 1785. Calculate p(1771).
-14
Let m(a) = -254*a**2 - 856*a - 710. Calculate m(-2).
-14
Let m(c) = -c**2 + 66*c + 1308. What is m(-15)?
93
Let s(m) = m**3 + 911*m**2 - 834*m - 75. 